[INFO] cloning repository https://github.com/alexlitocortez/rust-api-practice
[INFO] running `Command { std: "git" "-c" "credential.helper=" "-c" "credential.helper=/workspace/cargo-home/bin/git-credential-null" "clone" "--bare" "https://github.com/alexlitocortez/rust-api-practice" "/workspace/cache/git-repos/https%3A%2F%2Fgithub.com%2Falexlitocortez%2Frust-api-practice", kill_on_drop: false }`
[INFO] [stderr] Cloning into bare repository '/workspace/cache/git-repos/https%3A%2F%2Fgithub.com%2Falexlitocortez%2Frust-api-practice'...
[INFO] running `Command { std: "git" "rev-parse" "HEAD", kill_on_drop: false }`
[INFO] [stdout] b412f385c5bf6c0e96a7a80cc47f1071d9ee7b38
[INFO] checking alexlitocortez/rust-api-practice against master#9610dfe5a9a731ced1ea4923ecbd0c57fe367898 for beta-170-4
[INFO] running `Command { std: "git" "clone" "/workspace/cache/git-repos/https%3A%2F%2Fgithub.com%2Falexlitocortez%2Frust-api-practice" "/workspace/builds/worker-5-tc1/source", kill_on_drop: false }`
[INFO] [stderr] Cloning into '/workspace/builds/worker-5-tc1/source'...
[INFO] [stderr] done.
[INFO] [stderr] Updating files:  70% (2858/4048)
Updating files:  71% (2875/4048)
Updating files:  72% (2915/4048)
Updating files:  73% (2956/4048)
Updating files:  73% (2995/4048)
Updating files:  74% (2996/4048)
Updating files:  75% (3036/4048)
Updating files:  76% (3077/4048)
Updating files:  76% (3106/4048)
Updating files:  77% (3117/4048)
Updating files:  78% (3158/4048)
Updating files:  79% (3198/4048)
Updating files:  80% (3239/4048)
Updating files:  81% (3279/4048)
Updating files:  82% (3320/4048)
Updating files:  83% (3360/4048)
Updating files:  84% (3401/4048)
Updating files:  85% (3441/4048)
Updating files:  86% (3482/4048)
Updating files:  87% (3522/4048)
Updating files:  88% (3563/4048)
Updating files:  89% (3603/4048)
Updating files:  90% (3644/4048)
Updating files:  91% (3684/4048)
Updating files:  92% (3725/4048)
Updating files:  93% (3765/4048)
Updating files:  93% (3769/4048)
Updating files:  94% (3806/4048)
Updating files:  95% (3846/4048)
Updating files:  96% (3887/4048)
Updating files:  97% (3927/4048)
Updating files:  98% (3968/4048)
Updating files:  99% (4008/4048)
Updating files: 100% (4048/4048)
Updating files: 100% (4048/4048), done.
[INFO] validating manifest of git repo https://github.com/alexlitocortez/rust-api-practice on toolchain 9610dfe5a9a731ced1ea4923ecbd0c57fe367898
[INFO] running `Command { std: CARGO_HOME="/workspace/cargo-home" RUSTUP_HOME="/workspace/rustup-home" "/workspace/cargo-home/bin/cargo" "+9610dfe5a9a731ced1ea4923ecbd0c57fe367898" "metadata" "--manifest-path" "Cargo.toml" "--no-deps", kill_on_drop: false }`
[INFO] started tweaking git repo https://github.com/alexlitocortez/rust-api-practice
[INFO] finished tweaking git repo https://github.com/alexlitocortez/rust-api-practice
[INFO] tweaked toml for git repo https://github.com/alexlitocortez/rust-api-practice written to /workspace/builds/worker-5-tc1/source/Cargo.toml
[INFO] crate git repo https://github.com/alexlitocortez/rust-api-practice already has a lockfile, it will not be regenerated
[INFO] running `Command { std: CARGO_HOME="/workspace/cargo-home" RUSTUP_HOME="/workspace/rustup-home" "/workspace/cargo-home/bin/cargo" "+9610dfe5a9a731ced1ea4923ecbd0c57fe367898" "fetch" "--manifest-path" "Cargo.toml", kill_on_drop: false }`
[INFO] [stderr]  Downloading crates ...
[INFO] [stderr]   Downloaded tracing v0.1.33
[INFO] [stderr]   Downloaded tracing-core v0.1.25
[INFO] running `Command { std: "docker" "create" "-v" "/var/lib/crater-agent-workspace/builds/worker-5-tc1/target:/opt/rustwide/target:rw,Z" "-v" "/var/lib/crater-agent-workspace/builds/worker-5-tc1/source:/opt/rustwide/workdir:ro,Z" "-v" "/var/lib/crater-agent-workspace/cargo-home:/opt/rustwide/cargo-home:ro,Z" "-v" "/var/lib/crater-agent-workspace/rustup-home:/opt/rustwide/rustup-home:ro,Z" "-e" "SOURCE_DIR=/opt/rustwide/workdir" "-e" "CARGO_TARGET_DIR=/opt/rustwide/target" "-e" "CARGO_HOME=/opt/rustwide/cargo-home" "-e" "RUSTUP_HOME=/opt/rustwide/rustup-home" "-w" "/opt/rustwide/workdir" "-m" "1610612736" "--user" "0:0" "--network" "none" "ghcr.io/rust-lang/crates-build-env/linux@sha256:19e73879b68f455e41552ea35293514db52ea292d993f571636dbffedb77a1ee" "/opt/rustwide/cargo-home/bin/cargo" "+9610dfe5a9a731ced1ea4923ecbd0c57fe367898" "metadata" "--no-deps" "--format-version=1", kill_on_drop: false }`
[INFO] [stdout] e639e5f8144a16941dca99f1dc34c4b16398c9a20973400fe3261a68c44a8552
[INFO] running `Command { std: "docker" "start" "-a" "e639e5f8144a16941dca99f1dc34c4b16398c9a20973400fe3261a68c44a8552", kill_on_drop: false }`
[INFO] running `Command { std: "docker" "inspect" "e639e5f8144a16941dca99f1dc34c4b16398c9a20973400fe3261a68c44a8552", kill_on_drop: false }`
[INFO] running `Command { std: "docker" "rm" "-f" "e639e5f8144a16941dca99f1dc34c4b16398c9a20973400fe3261a68c44a8552", kill_on_drop: false }`
[INFO] [stdout] e639e5f8144a16941dca99f1dc34c4b16398c9a20973400fe3261a68c44a8552
[INFO] running `Command { std: "docker" "create" "-v" "/var/lib/crater-agent-workspace/builds/worker-5-tc1/target:/opt/rustwide/target:rw,Z" "-v" "/var/lib/crater-agent-workspace/builds/worker-5-tc1/source:/opt/rustwide/workdir:ro,Z" "-v" "/var/lib/crater-agent-workspace/cargo-home:/opt/rustwide/cargo-home:ro,Z" "-v" "/var/lib/crater-agent-workspace/rustup-home:/opt/rustwide/rustup-home:ro,Z" "-e" "SOURCE_DIR=/opt/rustwide/workdir" "-e" "CARGO_TARGET_DIR=/opt/rustwide/target" "-e" "CARGO_INCREMENTAL=0" "-e" "RUST_BACKTRACE=full" "-e" "RUSTFLAGS=--cap-lints=forbid" "-e" "RUSTDOCFLAGS=--cap-lints=forbid" "-e" "CARGO_HOME=/opt/rustwide/cargo-home" "-e" "RUSTUP_HOME=/opt/rustwide/rustup-home" "-w" "/opt/rustwide/workdir" "-m" "1610612736" "--user" "0:0" "--network" "none" "ghcr.io/rust-lang/crates-build-env/linux@sha256:19e73879b68f455e41552ea35293514db52ea292d993f571636dbffedb77a1ee" "/opt/rustwide/cargo-home/bin/cargo" "+9610dfe5a9a731ced1ea4923ecbd0c57fe367898" "check" "--frozen" "--all" "--all-targets" "--message-format=json", kill_on_drop: false }`
[INFO] [stdout] 653e0ae5b56b1391b896f676a5446991563611fcc86cd347f3611e48ff0602ca
[INFO] running `Command { std: "docker" "start" "-a" "653e0ae5b56b1391b896f676a5446991563611fcc86cd347f3611e48ff0602ca", kill_on_drop: false }`
[INFO] [stderr]    Compiling libc v0.2.123
[INFO] [stderr]    Compiling version_check v0.9.4
[INFO] [stderr]    Compiling proc-macro2 v1.0.37
[INFO] [stderr]    Compiling syn v1.0.91
[INFO] [stderr]    Compiling log v0.4.16
[INFO] [stderr]    Compiling memchr v2.4.1
[INFO] [stderr]    Compiling yansi v0.5.1
[INFO] [stderr]    Compiling futures-core v0.3.21
[INFO] [stderr]    Compiling serde_derive v1.0.136
[INFO] [stderr]     Checking once_cell v1.10.0
[INFO] [stderr]    Compiling httparse v1.7.0
[INFO] [stderr]    Compiling serde v1.0.136
[INFO] [stderr]    Compiling proc-macro2 v0.4.30
[INFO] [stderr]     Checking pin-project-lite v0.2.8
[INFO] [stderr]    Compiling unicode-xid v0.1.0
[INFO] [stderr]    Compiling proc-macro-hack v0.5.19
[INFO] [stderr]    Compiling syn v0.15.44
[INFO] [stderr]    Compiling lock_api v0.4.7
[INFO] [stderr]    Compiling parking_lot_core v0.8.5
[INFO] [stderr]     Checking slab v0.4.6
[INFO] [stderr]    Compiling indexmap v1.8.1
[INFO] [stderr]     Checking futures-sink v0.3.21
[INFO] [stderr]    Compiling standback v0.2.17
[INFO] [stderr]    Compiling ahash v0.7.6
[INFO] [stderr]    Compiling proc-macro2-diagnostics v0.9.1
[INFO] [stderr]    Compiling bitflags v1.3.2
[INFO] [stderr]    Compiling version_check v0.1.5
[INFO] [stderr]     Checking bytes v1.1.0
[INFO] [stderr]     Checking smallvec v1.8.0
[INFO] [stderr]    Compiling const_fn v0.4.9
[INFO] [stderr]    Compiling hashbrown v0.11.2
[INFO] [stderr]    Compiling futures-task v0.3.21
[INFO] [stderr]    Compiling futures-channel v0.3.21
[INFO] [stderr]    Compiling pear_codegen v0.1.4
[INFO] [stderr]    Compiling time v0.2.27
[INFO] [stderr]    Compiling unicase v1.4.2
[INFO] [stderr]    Compiling futures-util v0.3.21
[INFO] [stderr]    Compiling quote v1.0.18
[INFO] [stderr]    Compiling quote v0.6.13
[INFO] [stderr]    Compiling tinyvec_macros v0.1.0
[INFO] [stderr]     Checking itoa v1.0.1
[INFO] [stderr]    Compiling percent-encoding v2.1.0
[INFO] [stderr]     Checking getrandom v0.2.6
[INFO] [stderr]     Checking num_cpus v1.13.1
[INFO] [stderr]     Checking socket2 v0.4.4
[INFO] [stderr]     Checking mio v0.8.2
[INFO] [stderr]     Checking signal-hook-registry v1.4.0
[INFO] [stderr]    Compiling tinyvec v1.5.1
[INFO] [stderr]     Checking pin-utils v0.1.0
[INFO] [stderr]     Checking futures-io v0.3.21
[INFO] [stderr]    Compiling tracing-core v0.1.25
[INFO] [stderr]    Compiling cookie v0.15.1
[INFO] [stderr]     Checking instant v0.1.12
[INFO] [stderr]     Checking fnv v1.0.7
[INFO] [stderr]    Compiling unicode-bidi v0.3.7
[INFO] [stderr]    Compiling ref-cast v1.0.6
[INFO] [stderr]    Compiling matches v0.1.9
[INFO] [stderr]     Checking http v0.2.6
[INFO] [stderr]    Compiling tokio v1.17.0
[INFO] [stderr]    Compiling time v0.1.43
[INFO] [stderr]    Compiling log v0.3.9
[INFO] [stderr]    Compiling safemem v0.3.3
[INFO] [stderr]    Compiling byteorder v1.4.3
[INFO] [stderr]    Compiling percent-encoding v1.0.1
[INFO] [stderr]    Compiling unicode-normalization v0.1.19
[INFO] [stderr]    Compiling base64 v0.9.3
[INFO] [stderr]    Compiling mime v0.2.6
[INFO] [stderr]     Checking parking_lot v0.11.2
[INFO] [stderr]    Compiling uncased v0.9.6
[INFO] [stderr]    Compiling try-lock v0.2.3
[INFO] [stderr]     Checking cfg-if v0.1.10
[INFO] [stderr]    Compiling traitobject v0.1.0
[INFO] [stderr]    Compiling scopeguard v1.1.0
[INFO] [stderr]    Compiling glob v0.3.0
[INFO] [stderr]    Compiling typeable v0.1.2
[INFO] [stderr]    Compiling language-tags v0.2.2
[INFO] [stderr]     Checking net2 v0.2.37
[INFO] [stderr]    Compiling want v0.3.0
[INFO] [stderr]    Compiling cookie v0.11.4
[INFO] [stderr]     Checking iovec v0.1.4
[INFO] [stderr]    Compiling rocket_codegen v0.4.10
[INFO] [stderr]    Compiling pkg-config v0.3.25
[INFO] [stderr]    Compiling tower-service v0.3.1
[INFO] [stderr]     Checking idna v0.1.5
[INFO] [stderr]    Compiling httpdate v1.0.2
[INFO] [stderr]    Compiling vcpkg v0.2.15
[INFO] [stderr]    Compiling cc v1.0.73
[INFO] [stderr]     Checking inlinable_string v0.1.15
[INFO] [stderr]    Compiling pq-sys v0.4.6
[INFO] [stderr]    Compiling encoding_rs v0.8.31
[INFO] [stderr]    Compiling state v0.4.2
[INFO] [stderr]     Checking http-body v0.4.4
[INFO] [stderr]     Checking mio v0.6.23
[INFO] [stderr]    Compiling url v1.7.2
[INFO] [stderr]    Compiling stable-pattern v0.1.0
[INFO] [stderr]     Checking rand_core v0.6.3
[INFO] [stderr]     Checking atty v0.2.14
[INFO] [stderr]     Checking inotify-sys v0.1.5
[INFO] [stderr]    Compiling figment v0.10.6
[INFO] [stderr]    Compiling rocket v0.4.10
[INFO] [stderr]    Compiling multer v2.0.2
[INFO] [stderr]    Compiling atomic v0.5.1
[INFO] [stderr]    Compiling async-trait v0.1.53
[INFO] [stderr]    Compiling serde_json v1.0.79
[INFO] [stderr]     Checking hyper v0.10.16
[INFO] [stderr]     Checking lazycell v1.3.0
[INFO] [stderr]     Checking ucd-util v0.1.8
[INFO] [stderr]    Compiling regex v0.2.11
[INFO] [stderr]     Checking ppv-lite86 v0.2.16
[INFO] [stderr]    Compiling either v1.6.1
[INFO] [stderr]    Compiling mime v0.3.16
[INFO] [stderr]    Compiling state v0.5.2
[INFO] [stderr]     Checking regex-syntax v0.5.6
[INFO] [stderr]    Compiling libsqlite3-sys v0.24.2
[INFO] [stderr]     Checking mio-extras v2.0.6
[INFO] [stderr]     Checking inotify v0.7.1
[INFO] [stderr]     Checking rand_chacha v0.3.1
[INFO] [stderr]     Checking scheduled-thread-pool v0.2.5
[INFO] [stderr]     Checking filetime v0.2.15
[INFO] [stderr]     Checking aho-corasick v0.6.10
[INFO] [stderr]     Checking thread_local v0.3.6
[INFO] [stderr]    Compiling rocket v0.5.0-rc.1
[INFO] [stderr]     Checking spin v0.9.2
[INFO] [stderr]     Checking fastrand v1.7.0
[INFO] [stderr]    Compiling devise_core v0.2.0
[INFO] [stderr]     Checking remove_dir_all v0.5.3
[INFO] [stdout] error[E0557]: feature has been removed
[INFO] [stdout]  --> /opt/rustwide/cargo-home/registry/src/index.crates.io-6f17d22bba15001f/devise_core-0.2.0/src/lib.rs:2:12
[INFO] [stdout]   |
[INFO] [stdout] 2 | #![feature(crate_visibility_modifier)]
[INFO] [stdout]   |            ^^^^^^^^^^^^^^^^^^^^^^^^^ feature has been removed
[INFO] [stdout]   |
[INFO] [stdout]   = note: removed in favor of `pub(crate)`
[INFO] [stdout] 
[INFO] [stdout] 
[INFO] [stdout] error: expected one of `!` or `::`, found keyword `enum`
[INFO] [stdout]   --> /opt/rustwide/cargo-home/registry/src/index.crates.io-6f17d22bba15001f/devise_core-0.2.0/src/field.rs:52:7
[INFO] [stdout]    |
[INFO] [stdout] 52 | crate enum FieldKind<'p> {
[INFO] [stdout]    |       ^^^^ expected one of `!` or `::`
[INFO] [stdout] 
[INFO] [stdout] 
[INFO] [stdout] error: expected identifier, found keyword `crate`
[INFO] [stdout]   --> /opt/rustwide/cargo-home/registry/src/index.crates.io-6f17d22bba15001f/devise_core-0.2.0/src/generator.rs:69:5
[INFO] [stdout]    |
[INFO] [stdout] 65 | pub struct DeriveGenerator {
[INFO] [stdout]    |            --------------- while parsing this struct
[INFO] [stdout] ...
[INFO] [stdout] 69 |     crate generic_support: GenericSupport,
[INFO] [stdout]    |     ^^^^^ expected identifier, found keyword
[INFO] [stdout] 
[INFO] [stdout] 
[INFO] [stdout] error: expected one of `!` or `::`, found keyword `fn`
[INFO] [stdout]    --> /opt/rustwide/cargo-home/registry/src/index.crates.io-6f17d22bba15001f/devise_core-0.2.0/src/generator.rs:28:15
[INFO] [stdout]     |
[INFO] [stdout] 28  |           crate fn push_default_mappers(&mut self) {
[INFO] [stdout]     |                 ^^ expected one of `!` or `::`
[INFO] [stdout] ...
[INFO] [stdout] 193 | /     mappers! {
[INFO] [stdout] 194 | |         (map_struct, try_map_struct, struct_mapper): Struct, struct_mappers,
[INFO] [stdout] 195 | |         (map_enum, try_map_enum, enum_mapper): Enum, enum_mappers,
[INFO] [stdout] 196 | |         (map_variant, try_map_variant, variant_mapper): Variant, variant_mappers,
[INFO] [stdout] 197 | |         (map_fields, try_map_fields, fields_mapper): Fields, fields_mappers,
[INFO] [stdout] 198 | |         (map_field, try_map_field, field_mapper): Field, field_mappers
[INFO] [stdout] 199 | |     }
[INFO] [stdout]     | |_____- in this macro invocation
[INFO] [stdout]     |
[INFO] [stdout]     = note: this error originates in the macro `mappers` (in Nightly builds, run with -Z macro-backtrace for more info)
[INFO] [stdout] 
[INFO] [stdout] 
[INFO] [stderr]     Checking utf8-ranges v1.0.5
[INFO] [stdout] error[E0432]: unresolved imports `field::Field`, `field::Fields`
[INFO] [stdout]  --> /opt/rustwide/cargo-home/registry/src/index.crates.io-6f17d22bba15001f/devise_core-0.2.0/src/generator.rs:8:13
[INFO] [stdout]   |
[INFO] [stdout] 8 | use field::{Field, Fields};
[INFO] [stdout]   |             ^^^^^  ^^^^^^ no `Fields` in `field`
[INFO] [stdout]   |             |
[INFO] [stdout]   |             no `Field` in `field`
[INFO] [stdout]   |
[INFO] [stdout]   = help: consider importing one of these items instead:
[INFO] [stdout]           syn::Expr::Field
[INFO] [stdout]           syn::Field
[INFO] [stdout]   = help: consider importing this enum instead:
[INFO] [stdout]           syn::Fields
[INFO] [stdout] 
[INFO] [stdout] 
[INFO] [stdout] error[E0432]: unresolved imports `field::Field`, `field::FieldParent`, `field::Fields`
[INFO] [stdout]  --> /opt/rustwide/cargo-home/registry/src/index.crates.io-6f17d22bba15001f/devise_core-0.2.0/src/derived.rs:5:13
[INFO] [stdout]   |
[INFO] [stdout] 5 | use field::{Field, FieldParent, Fields};
[INFO] [stdout]   |             ^^^^^  ^^^^^^^^^^^  ^^^^^^ no `Fields` in `field`
[INFO] [stdout]   |             |      |
[INFO] [stdout]   |             |      no `FieldParent` in `field`
[INFO] [stdout]   |             no `Field` in `field`
[INFO] [stdout]   |
[INFO] [stdout]   = help: consider importing one of these items instead:
[INFO] [stdout]           syn::Expr::Field
[INFO] [stdout]           syn::Field
[INFO] [stdout]   = help: consider importing this enum instead:
[INFO] [stdout]           syn::Fields
[INFO] [stdout] 
[INFO] [stdout] 
[INFO] [stderr]     Checking ryu v1.0.9
[INFO] [stderr]     Checking tempfile v3.3.0
[INFO] [stderr]     Checking rand v0.8.5
[INFO] [stdout] error[E0599]: no method named `variant_mapper` found for reference `&DeriveGenerator` in the current scope
[INFO] [stdout]   --> /opt/rustwide/cargo-home/registry/src/index.crates.io-6f17d22bba15001f/devise_core-0.2.0/src/generator.rs:90:22
[INFO] [stdout]    |
[INFO] [stdout] 90 |         .map(|v| gen.variant_mapper()(gen, v))
[INFO] [stdout]    |                      ^^^^^^^^^^^^^^ method not found in `&DeriveGenerator`
[INFO] [stdout] 
[INFO] [stdout] 
[INFO] [stdout] error[E0599]: no method named `variant_mapper` found for reference `&DeriveGenerator` in the current scope
[INFO] [stdout]    --> /opt/rustwide/cargo-home/registry/src/index.crates.io-6f17d22bba15001f/devise_core-0.2.0/src/generator.rs:106:22
[INFO] [stdout]     |
[INFO] [stdout] 106 |         .map(|v| gen.variant_mapper()(gen, v))
[INFO] [stdout]     |                      ^^^^^^^^^^^^^^ method not found in `&DeriveGenerator`
[INFO] [stdout] 
[INFO] [stdout] 
[INFO] [stderr]     Checking notify v4.0.17
[INFO] [stdout] error[E0599]: no method named `fields_mapper` found for reference `&DeriveGenerator` in the current scope
[INFO] [stdout]    --> /opt/rustwide/cargo-home/registry/src/index.crates.io-6f17d22bba15001f/devise_core-0.2.0/src/generator.rs:113:9
[INFO] [stdout]     |
[INFO] [stdout] 113 |     gen.fields_mapper()(gen, data.fields())
[INFO] [stdout]     |         ^^^^^^^^^^^^^ method not found in `&DeriveGenerator`
[INFO] [stdout] 
[INFO] [stdout] 
[INFO] [stdout] error[E0599]: no method named `fields_mapper` found for reference `&DeriveGenerator` in the current scope
[INFO] [stdout]    --> /opt/rustwide/cargo-home/registry/src/index.crates.io-6f17d22bba15001f/devise_core-0.2.0/src/generator.rs:117:9
[INFO] [stdout]     |
[INFO] [stdout] 117 |     gen.fields_mapper()(gen, data.fields())
[INFO] [stdout]     |         ^^^^^^^^^^^^^ method not found in `&DeriveGenerator`
[INFO] [stdout] 
[INFO] [stdout] 
[INFO] [stdout] error[E0599]: no method named `field_mapper` found for reference `&DeriveGenerator` in the current scope
[INFO] [stdout]    --> /opt/rustwide/cargo-home/registry/src/index.crates.io-6f17d22bba15001f/devise_core-0.2.0/src/generator.rs:126:24
[INFO] [stdout]     |
[INFO] [stdout] 126 |         .map(|field| g.field_mapper()(g, field))
[INFO] [stdout]     |                        ^^^^^^^^^^^^ method not found in `&DeriveGenerator`
[INFO] [stdout] 
[INFO] [stdout] 
[INFO] [stdout] error[E0615]: attempted to take value of method `generic_support` on type `&mut DeriveGenerator`
[INFO] [stdout]    --> /opt/rustwide/cargo-home/registry/src/index.crates.io-6f17d22bba15001f/devise_core-0.2.0/src/generator.rs:159:14
[INFO] [stdout]     |
[INFO] [stdout] 159 |         self.generic_support = support;
[INFO] [stdout]     |              ^^^^^^^^^^^^^^^ method, not a field
[INFO] [stdout]     |
[INFO] [stdout]     = help: methods are immutable and cannot be assigned to
[INFO] [stdout] 
[INFO] [stdout] 
[INFO] [stdout] error[E0615]: attempted to take value of method `data_support` on type `&mut DeriveGenerator`
[INFO] [stdout]    --> /opt/rustwide/cargo-home/registry/src/index.crates.io-6f17d22bba15001f/devise_core-0.2.0/src/generator.rs:164:14
[INFO] [stdout]     |
[INFO] [stdout] 164 |         self.data_support = support;
[INFO] [stdout]     |              ^^^^^^^^^^^^ method, not a field
[INFO] [stdout]     |
[INFO] [stdout]     = help: methods are immutable and cannot be assigned to
[INFO] [stdout] 
[INFO] [stdout] 
[INFO] [stdout] error[E0609]: no field `type_generic_mapper` on type `&mut DeriveGenerator`
[INFO] [stdout]    --> /opt/rustwide/cargo-home/registry/src/index.crates.io-6f17d22bba15001f/devise_core-0.2.0/src/generator.rs:171:14
[INFO] [stdout]     |
[INFO] [stdout] 171 |         self.type_generic_mapper = Some(Box::new(f));
[INFO] [stdout]     |              ^^^^^^^^^^^^^^^^^^^ unknown field
[INFO] [stdout]     |
[INFO] [stdout]     = note: available fields are: `input`, `trait_impl`, `trait_path`
[INFO] [stdout] 
[INFO] [stdout] 
[INFO] [stdout] error[E0609]: no field `generic_replacements` on type `&mut DeriveGenerator`
[INFO] [stdout]    --> /opt/rustwide/cargo-home/registry/src/index.crates.io-6f17d22bba15001f/devise_core-0.2.0/src/generator.rs:176:14
[INFO] [stdout]     |
[INFO] [stdout] 176 |         self.generic_replacements.push((trait_gen, impl_gen));
[INFO] [stdout]     |              ^^^^^^^^^^^^^^^^^^^^ unknown field
[INFO] [stdout]     |
[INFO] [stdout]     = note: available fields are: `input`, `trait_impl`, `trait_path`
[INFO] [stdout] 
[INFO] [stdout] 
[INFO] [stdout] error[E0609]: no field `enum_validator` on type `&mut DeriveGenerator`
[INFO] [stdout]    --> /opt/rustwide/cargo-home/registry/src/index.crates.io-6f17d22bba15001f/devise_core-0.2.0/src/generator.rs:180:37
[INFO] [stdout]     |
[INFO] [stdout] 180 |     validator!(validate_enum: Enum, enum_validator);
[INFO] [stdout]     |                                     ^^^^^^^^^^^^^^ unknown field
[INFO] [stdout]     |
[INFO] [stdout]     = note: available fields are: `input`, `trait_impl`, `trait_path`
[INFO] [stdout] 
[INFO] [stdout] 
[INFO] [stdout] error[E0609]: no field `struct_validator` on type `&mut DeriveGenerator`
[INFO] [stdout]    --> /opt/rustwide/cargo-home/registry/src/index.crates.io-6f17d22bba15001f/devise_core-0.2.0/src/generator.rs:181:41
[INFO] [stdout]     |
[INFO] [stdout] 181 |     validator!(validate_struct: Struct, struct_validator);
[INFO] [stdout]     |                                         ^^^^^^^^^^^^^^^^ unknown field
[INFO] [stdout]     |
[INFO] [stdout]     = note: available fields are: `input`, `trait_impl`, `trait_path`
[INFO] [stdout] 
[INFO] [stdout] 
[INFO] [stdout] error[E0609]: no field `generics_validator` on type `&mut DeriveGenerator`
[INFO] [stdout]    --> /opt/rustwide/cargo-home/registry/src/index.crates.io-6f17d22bba15001f/devise_core-0.2.0/src/generator.rs:182:51
[INFO] [stdout]     |
[INFO] [stdout] 182 |     validator!(validate_generics: &syn::Generics, generics_validator);
[INFO] [stdout]     |                                                   ^^^^^^^^^^^^^^^^^^ unknown field
[INFO] [stdout]     |
[INFO] [stdout]     = note: available fields are: `input`, `trait_impl`, `trait_path`
[INFO] [stdout] 
[INFO] [stdout] 
[INFO] [stderr]     Checking r2d2 v0.8.9
[INFO] [stdout] error[E0609]: no field `fields_validator` on type `&mut DeriveGenerator`
[INFO] [stdout]    --> /opt/rustwide/cargo-home/registry/src/index.crates.io-6f17d22bba15001f/devise_core-0.2.0/src/generator.rs:183:41
[INFO] [stdout]     |
[INFO] [stdout] 183 |     validator!(validate_fields: Fields, fields_validator);
[INFO] [stdout]     |                                         ^^^^^^^^^^^^^^^^ unknown field
[INFO] [stdout]     |
[INFO] [stdout]     = note: available fields are: `input`, `trait_impl`, `trait_path`
[INFO] [stdout] 
[INFO] [stdout] 
[INFO] [stdout] error[E0609]: no field `functions` on type `&mut DeriveGenerator`
[INFO] [stdout]    --> /opt/rustwide/cargo-home/registry/src/index.crates.io-6f17d22bba15001f/devise_core-0.2.0/src/generator.rs:188:14
[INFO] [stdout]     |
[INFO] [stdout] 188 |         self.functions.push(Box::new(f));
[INFO] [stdout]     |              ^^^^^^^^^ unknown field
[INFO] [stdout]     |
[INFO] [stdout]     = note: available fields are: `input`, `trait_impl`, `trait_path`
[INFO] [stdout] 
[INFO] [stdout] 
[INFO] [stderr]     Checking hashlink v0.7.0
[INFO] [stdout] error[E0599]: no method named `push_default_mappers` found for mutable reference `&mut DeriveGenerator` in the current scope
[INFO] [stdout]    --> /opt/rustwide/cargo-home/registry/src/index.crates.io-6f17d22bba15001f/devise_core-0.2.0/src/generator.rs:189:14
[INFO] [stdout]     |
[INFO] [stdout] 189 |         self.push_default_mappers();
[INFO] [stdout]     |              ^^^^^^^^^^^^^^^^^^^^ method not found in `&mut DeriveGenerator`
[INFO] [stdout] 
[INFO] [stdout] 
[INFO] [stdout] error[E0615]: attempted to take value of method `data_support` on type `&mut DeriveGenerator`
[INFO] [stdout]    --> /opt/rustwide/cargo-home/registry/src/index.crates.io-6f17d22bba15001f/devise_core-0.2.0/src/generator.rs:206:56
[INFO] [stdout]     |
[INFO] [stdout] 206 |         let (span, support) = (self.input.span(), self.data_support);
[INFO] [stdout]     |                                                        ^^^^^^^^^^^^ method, not a field
[INFO] [stdout]     |
[INFO] [stdout] help: use parentheses to call the method
[INFO] [stdout]     |
[INFO] [stdout] 206 |         let (span, support) = (self.input.span(), self.data_support(_));
[INFO] [stdout]     |                                                                    +++
[INFO] [stdout] 
[INFO] [stdout] 
[INFO] [stdout] error[E0615]: attempted to take value of method `generic_support` on type `&mut DeriveGenerator`
[INFO] [stdout]    --> /opt/rustwide/cargo-home/registry/src/index.crates.io-6f17d22bba15001f/devise_core-0.2.0/src/generator.rs:231:57
[INFO] [stdout]     |
[INFO] [stdout] 231 |             let (span, support) = (generic.span(), self.generic_support);
[INFO] [stdout]     |                                                         ^^^^^^^^^^^^^^^ method, not a field
[INFO] [stdout]     |
[INFO] [stdout] help: use parentheses to call the method
[INFO] [stdout]     |
[INFO] [stdout] 231 |             let (span, support) = (generic.span(), self.generic_support(_));
[INFO] [stdout]     |                                                                        +++
[INFO] [stdout] 
[INFO] [stdout] 
[INFO] [stdout] error[E0609]: no field `generics_validator` on type `&mut DeriveGenerator`
[INFO] [stdout]    --> /opt/rustwide/cargo-home/registry/src/index.crates.io-6f17d22bba15001f/devise_core-0.2.0/src/generator.rs:247:15
[INFO] [stdout]     |
[INFO] [stdout] 247 |         (self.generics_validator)(self, &self.input.generics)?;
[INFO] [stdout]     |               ^^^^^^^^^^^^^^^^^^ unknown field
[INFO] [stdout]     |
[INFO] [stdout]     = note: available fields are: `input`, `trait_impl`, `trait_path`
[INFO] [stdout] 
[INFO] [stdout] 
[INFO] [stdout] error[E0609]: no field `struct_validator` on type `&mut DeriveGenerator`
[INFO] [stdout]    --> /opt/rustwide/cargo-home/registry/src/index.crates.io-6f17d22bba15001f/devise_core-0.2.0/src/generator.rs:251:23
[INFO] [stdout]     |
[INFO] [stdout] 251 |                 (self.struct_validator)(self, derived)?;
[INFO] [stdout]     |                       ^^^^^^^^^^^^^^^^ unknown field
[INFO] [stdout]     |
[INFO] [stdout]     = note: available fields are: `input`, `trait_impl`, `trait_path`
[INFO] [stdout] 
[INFO] [stdout] 
[INFO] [stdout] error[E0609]: no field `fields_validator` on type `&mut DeriveGenerator`
[INFO] [stdout]    --> /opt/rustwide/cargo-home/registry/src/index.crates.io-6f17d22bba15001f/devise_core-0.2.0/src/generator.rs:252:23
[INFO] [stdout]     |
[INFO] [stdout] 252 |                 (self.fields_validator)(self, derived.fields())?;
[INFO] [stdout]     |                       ^^^^^^^^^^^^^^^^ unknown field
[INFO] [stdout]     |
[INFO] [stdout]     = note: available fields are: `input`, `trait_impl`, `trait_path`
[INFO] [stdout] 
[INFO] [stdout] 
[INFO] [stdout] error[E0609]: no field `enum_validator` on type `&mut DeriveGenerator`
[INFO] [stdout]    --> /opt/rustwide/cargo-home/registry/src/index.crates.io-6f17d22bba15001f/devise_core-0.2.0/src/generator.rs:256:23
[INFO] [stdout]     |
[INFO] [stdout] 256 |                 (self.enum_validator)(self, derived)?;
[INFO] [stdout]     |                       ^^^^^^^^^^^^^^ unknown field
[INFO] [stdout]     |
[INFO] [stdout]     = note: available fields are: `input`, `trait_impl`, `trait_path`
[INFO] [stdout] 
[INFO] [stdout] 
[INFO] [stdout] error[E0609]: no field `fields_validator` on type `&mut DeriveGenerator`
[INFO] [stdout]    --> /opt/rustwide/cargo-home/registry/src/index.crates.io-6f17d22bba15001f/devise_core-0.2.0/src/generator.rs:258:27
[INFO] [stdout]     |
[INFO] [stdout] 258 |                     (self.fields_validator)(self, variant.fields())?;
[INFO] [stdout]     |                           ^^^^^^^^^^^^^^^^ unknown field
[INFO] [stdout]     |
[INFO] [stdout]     = note: available fields are: `input`, `trait_impl`, `trait_path`
[INFO] [stdout] 
[INFO] [stdout] 
[INFO] [stdout] error[E0609]: no field `functions` on type `&mut DeriveGenerator`
[INFO] [stdout]    --> /opt/rustwide/cargo-home/registry/src/index.crates.io-6f17d22bba15001f/devise_core-0.2.0/src/generator.rs:267:26
[INFO] [stdout]     |
[INFO] [stdout] 267 |         for i in 0..self.functions.len() {
[INFO] [stdout]     |                          ^^^^^^^^^ unknown field
[INFO] [stdout]     |
[INFO] [stdout]     = note: available fields are: `input`, `trait_impl`, `trait_path`
[INFO] [stdout] 
[INFO] [stdout] 
[INFO] [stdout] error[E0609]: no field `functions` on type `&mut DeriveGenerator`
[INFO] [stdout]    --> /opt/rustwide/cargo-home/registry/src/index.crates.io-6f17d22bba15001f/devise_core-0.2.0/src/generator.rs:268:34
[INFO] [stdout]     |
[INFO] [stdout] 268 |             let function = &self.functions[i];
[INFO] [stdout]     |                                  ^^^^^^^^^ unknown field
[INFO] [stdout]     |
[INFO] [stdout]     = note: available fields are: `input`, `trait_impl`, `trait_path`
[INFO] [stdout] 
[INFO] [stdout] 
[INFO] [stdout] error[E0609]: no field `struct_mappers` on type `&mut DeriveGenerator`
[INFO] [stdout]    --> /opt/rustwide/cargo-home/registry/src/index.crates.io-6f17d22bba15001f/devise_core-0.2.0/src/generator.rs:272:26
[INFO] [stdout]     |
[INFO] [stdout] 272 |                     self.struct_mappers[i](self, derived)?
[INFO] [stdout]     |                          ^^^^^^^^^^^^^^ unknown field
[INFO] [stdout]     |
[INFO] [stdout]     = note: available fields are: `input`, `trait_impl`, `trait_path`
[INFO] [stdout] 
[INFO] [stdout] 
[INFO] [stdout] error[E0609]: no field `enum_mappers` on type `&mut DeriveGenerator`
[INFO] [stdout]    --> /opt/rustwide/cargo-home/registry/src/index.crates.io-6f17d22bba15001f/devise_core-0.2.0/src/generator.rs:276:26
[INFO] [stdout]     |
[INFO] [stdout] 276 |                     self.enum_mappers[i](self, derived)?
[INFO] [stdout]     |                          ^^^^^^^^^^^^ unknown field
[INFO] [stdout]     |
[INFO] [stdout]     = note: available fields are: `input`, `trait_impl`, `trait_path`
[INFO] [stdout] 
[INFO] [stdout] 
[INFO] [stdout] error[E0609]: no field `type_generic_mapper` on type `&mut DeriveGenerator`
[INFO] [stdout]    --> /opt/rustwide/cargo-home/registry/src/index.crates.io-6f17d22bba15001f/devise_core-0.2.0/src/generator.rs:288:45
[INFO] [stdout]     |
[INFO] [stdout] 288 |         if let Some(ref type_mapper) = self.type_generic_mapper {
[INFO] [stdout]     |                                             ^^^^^^^^^^^^^^^^^^^ unknown field
[INFO] [stdout]     |
[INFO] [stdout]     = note: available fields are: `input`, `trait_impl`, `trait_path`
[INFO] [stdout] 
[INFO] [stdout] 
[INFO] [stdout] error[E0609]: no field `generic_replacements` on type `&mut DeriveGenerator`
[INFO] [stdout]    --> /opt/rustwide/cargo-home/registry/src/index.crates.io-6f17d22bba15001f/devise_core-0.2.0/src/generator.rs:302:36
[INFO] [stdout]     |
[INFO] [stdout] 302 |             let replacement = self.generic_replacements.iter()
[INFO] [stdout]     |                                    ^^^^^^^^^^^^^^^^^^^^ unknown field
[INFO] [stdout]     |
[INFO] [stdout]     = note: available fields are: `input`, `trait_impl`, `trait_path`
[INFO] [stdout] 
[INFO] [stdout] 
[INFO] [stdout] error: aborting due to 34 previous errors
[INFO] [stdout] 
[INFO] [stdout] 
[INFO] [stdout] Some errors have detailed explanations: E0432, E0557, E0599, E0609, E0615.
[INFO] [stdout] 
[INFO] [stdout] For more information about an error, try `rustc --explain E0432`.
[INFO] [stdout] 
[INFO] [stderr] error: could not compile `devise_core` (lib) due to 35 previous errors
[INFO] [stderr] warning: build failed, waiting for other jobs to finish...
[INFO] running `Command { std: "docker" "inspect" "653e0ae5b56b1391b896f676a5446991563611fcc86cd347f3611e48ff0602ca", kill_on_drop: false }`
[INFO] running `Command { std: "docker" "rm" "-f" "653e0ae5b56b1391b896f676a5446991563611fcc86cd347f3611e48ff0602ca", kill_on_drop: false }`
[INFO] [stdout] 653e0ae5b56b1391b896f676a5446991563611fcc86cd347f3611e48ff0602ca
